rs of w?
11
Suppose 3*p - 18 = 552. List the prime factors of p.
2, 5, 19
Suppose 3*a = -4*q - 0*q + 124, -3*a + 115 = -5*q. What are the prime factors of a?
2, 5
Suppose -8*u + 3*u + 195 = 5*n, -3*n + 2*u = -107. List the prime factors of n.
37
Let q(w) = 3*w**3 - w**2 - w. Let n(d) = 5*d**2 + 1 - 7*d**3 - d - 6*d**3 + 4*d. Let o(x) = -2*n(x) - 9*q(x). List the prime factors of o(-3).
7
Let o = 1 - 0. Suppose 4*c - o + 13 = 0. Let a = c + 12. What are the prime factors of a?
3
Suppose 50 = 6*q - q. Let v(x) = 2*x - 5. List the prime factors of v(q).
3, 5
Let b be ((-2)/(-4))/((-6)/(-24)). What are the prime factors of 45 + 3 - b - 3?
43
Let y = 7 - -16. Let u = y + -14. List the prime factors of u.
3
Suppose 4*n - 4*c = -12, -5*c + 10 = -4*n - 7. Let m(s) = 2 + n + 1 - 4*s**2 + s**3. List the prime factors of m(4).
5
What are the prime factors of -1 - 0 - (1 - 36)?
2, 17
Suppose 5*r + 16 = r, -5*u = 4*r - 314. List the prime factors of u.
2, 3, 11
Let p(t) = -5*t - 2 + 2*t**3 - t**3 - 7*t**2 - 8. Let l be p(8). Let v = 25 - l. What are the prime factors of v?
11
Let l be (2 + (-1)/2)*2. Suppose 0 = -l*j + 6*j - 60. Suppose 3*s - 13 = j. What are the prime factors of s?
11
Let l(r) = 14*r + 16*r - 32*r. List the prime factors of l(-2).
2
Suppose -1 + 7 = -3*m. List the prime factors of m + -2*(-159)/6.
3, 17
Let k be (-12)/(-10)*10/(-3). List the prime factors of 102*(1*k)/(-12).
2, 17
Let f(s) = s + s**2 - s + 3. Suppose 11*q - 6*q = 0. List the prime factors of f(q).
3
Let j be -2 + 3 - -1*11. Let q = 46 + -16. Let f = q - j. List the prime factors of f.
2, 3
Let t(l) = -10*l + 4. Let c(o) = -9*o + 4. Let v(b) = 3*c(b) - 4*t(b). What are the prime factors of v(2)?
2, 11
Let x(r) = r**3 + 7*r**2 + 5*r - 6. Let t be x(-6). Let p = 0 + 4. Suppose -4*s = -4, t*s - p*s = -v + 6. What are the prime factors of v?
2, 5
Let u(o) = o**3 + 7 - 2 - 2*o + 20 + 3*o. Let t be u(0). Let d = t - 18. What are the prime factors of d?
7
Let b(h) = 2*h + 8. Let q(u) = -u - 1. Let g(x) = b(x) + 6*q(x). Let f be g(-7). Let z = 42 - f. List the prime factors of z.
2, 3
Let b(c) = 12*c + 1. Let f = 10 + -4. Let i be (f/3 - 3)*-1. List the prime factors of b(i).
13
Let p = 179 + -119. What are the prime factors of p?
2, 3, 5
Let x(a) = -a**2 + 2*a - 4. Suppose -9 - 6 = 4*b - 3*l, 2*b - 4*l = -10. Let m be x(b). Let i = 29 + m. List the prime factors of i.
2, 5
Suppose 6 = 2*q + h, -5*q + 2*h = 3 - 27. Suppose q*d = 4*x + 112, 9 = -5*x - 6. What are the prime factors of d?
5
Let f(w) = 5*w**2 - 12*w - 9. Let j(k) = -2*k**2 + 4*k + 3. Let v(m) = -2*f(m) - 7*j(m). List the prime factors of v(-3).
3, 5
Suppose -15 = 3*l - 5*t, -24 - 1 = 5*l + 3*t. Let v be 1 - 0 - (l + 3). Suppose -1 = -f + v. List the prime factors of f.
2
Let n(c) = -c**3 + 9*c**2 - 10*c + 12. Let l be n(8). List the prime factors of 238/8 - l/16.
2, 3, 5
Let h(o) = o**3 - 7*o**2 + 5*o - 1. What are the prime factors of h(7)?
2, 17
Suppose 5*i + 4*x = 61, -2*x + 7*x - 11 = i. List the prime factors of i.
3
Suppose 3*c - 262 = -37. List the prime factors of c.
3, 5
Suppose 2*h + 0*h - 99 = 5*o, -5*h + 4*o = -205. What are the prime factors of h?
37
Let a(m) = 2*m**2 - m**2 - 2 - m**3 + 6*m + 3*m**2. Let b be a(4). What are the prime factors of (-1)/2 - b/(-4)?
5
Let c be 33/(-12) - 1/4. Let y = c + 5. Suppose 3*w + a - 6 = 0, -4*a + 0*a + y = w. List the prime factors of w.
2
Suppose -x = 6*x - 1610. What are the prime factors of x?
2, 5, 23
Suppose -5*g - 1 = -4*g. Let z(y) = -4*y**3 - y**2 - y. List the prime factors of z(g).
2
Suppose -c + 166 = c. Suppose -5*g = 13 - c. What are the prime factors of g?
2, 7
Let r = 5 - 3. Suppose r*i = 4*f - 50, 3*f + f - 53 = 3*i. What are the prime factors of f?
11
Let c be (-8)/(-2) + (-4)/2. Suppose 3*p + 3 = 4*t, 3*p - 3 = -c*t + 4*p. Let z = 13 + t. List the prime factors of z.
2
Let m(o) = -2*o**2 - 32*o + 9. What are the prime factors of m(-10)?
3, 43
Suppose 5*f - j = -0*j + 17, 0 = 2*f - 4*j + 4. List the prime factors of f.
2
Let r = 430 + -611. Let m = -125 - r. Suppose -k - 3*k = -m. What are the prime factors of k?
2, 7
Let j = 11 + 18. Let s be (14/5)/(8/40). Let h = j - s. List the prime factors of h.
3, 5
Suppose -16 = -5*j - 1. Let h(c) = -6 + 5*c**2 + 2*c**3 - c**j - 6*c + 3*c. What are the prime factors of h(-5)?
3
Suppose 128*r = 131*r - 855. List the prime factors of r.
3, 5, 19
Suppose 2*d - 5*g + 3*g = 18, d + 21 = -5*g. Suppose -y - c = -3*c - 21, 0 = y - d*c - 31. List the prime factors of y.
11
Suppose h - 4 = 2. What are the prime factors of h?
2, 3
Let t = -8 + 13. Suppose -3*a + 1 = -5*j - 3, 2 = -a + t*j. Suppose 0 = -a*m + 9 + 30. What are the prime factors of m?
13
List the prime factors of (-13)/(-5) - 24/(-60).
3
Let b(v) = v**3 + 7*v**2 + 5*v - 6. Let k be b(-6). Suppose 5*j - 2*j - 15 = k. Suppose -s - 4*w - 84 = -5*s, 4*w + 102 = j*s. List the prime factors of s.
2, 3
Let a = -15 + 20. Suppose -4*p + a*g + 23 = -25, -24 = -4*p - g. What are the prime factors of p?
7
Let i be (16 - 4)*(2 + -1). Suppose 0 = 5*k - i - 3. Suppose 0*n + 4*n = -2*w + 14, -2*n + k*w = 5. List the prime factors of n.
2
Suppose u + 6 = x, x = -3*u + 6 + 4. Let o be x + -5 + 2*-1. List the prime factors of (1 + o + -2)*-14.
2, 7
Suppose -14*y + 32 = -13*y. Suppose -3*x + 73 = -y. List the prime factors of x.
5, 7
Suppose -58 = -6*y + 56. List the prime factors of y.
19
Let r be 1/(-2) - (-10)/4. Suppose 2*y + 4 = -2*v - r*v, -2*v = -4*y - 8. Suppose 33 = 3*a - v. List the prime factors of a.
11
Let a(l) = -l**3 + 5*l**2 + 2*l + 3. What are the prime factors of a(4)?
3
Let c(f) = f**2 + 3*f + 3. Let r be c(-3). Suppose 0 = r*w - 0*w - 3. Suppose -9 - w = -j. List the prime factors of j.
2, 5
Suppose 3*s + 85 = 3*p + 7, 3*s + 70 = -p. Let a be (-74)/4*(-28)/(-14). Let o = s - a. List the prime factors of o.
13
Suppose -21 = -3*z - 3*f, -f = -4*z - 14 + 57. What are the prime factors of z?
2, 5
Let k(f) be the first derivative of f**4/4 - f**2/2 - 4*f + 1. Let p be k(0). Let i(j) = j**3 + 4*j**2 - j - 2. List the prime factors of i(p).
2
Let k be (-78)/(-18) - (-2)/(-6). Let z(i) = -2 - 2*i - 2 + 2 + 5*i**2 - i**3. What are the prime factors of z(k)?
2, 3
Let h = -5 + 5. Suppose h = -b + 5, 2*q - 6*q = -3*b - 17. Suppose 3*p = -p + q. What are the prime factors of p?
2
What are the prime factors of (2/3)/(1/57 - 0)?
2, 19
Let c(y) = y**3 - 3*y**2 - 2*y + 3. Let z be c(3). List the prime factors of 6/(-18) + (-10)/z.
3
Let c be 6*(-1 - 4/(-3)). Suppose 2*k = 15 + 25. Suppose -3*s + k = c*s. List the prime factors of s.
2
Suppose -2*j + 13 = -3*z, 3 = -z + 4*z. Let l be 2/(-4) - 15/10. Let h = j + l. List the prime factors of h.
2, 3
Suppose 0 = -a - 64 + 107. List the prime factors of a.
43
Let k(g) = -g**3 + 2*g**2 - g - 8. Let m(v) = v**3 - v**2 + v + 9. Let c(i) = -4*k(i) - 3*m(i). Let z be 6 + (-2)/(-2)*-1. What are the prime factors of c(z)?
2, 5
Suppose -2*l - y = -l + 16, 3*y + 86 = -5*l. Let o = -11 - l. List the prime factors of o.
2
Suppose -2*k - 8 = 0, -6*k = n - 2*k - 80. Let z be n/9 - (-2)/6. Suppose 0 = 5*r - 59 - z. What are the prime factors of r?
2, 7
Let w = -48 - -88. What are the prime factors of w?
2, 5
Suppose 20 = 2*i - 7*i. Let o(x) = -x**2 - 4*x + 5. What are the prime factors of o(i)?
5
Let c be 3/6*(-2 + 2). Suppose c*b + 1 = -b, -28 = -4*a + 4*b. What are the prime factors of a?
2, 3
Suppose 4*b - 112 = 2*j, 4*j - 16 = -0*j. What are the prime factors of 251/6 + 5/b?
2, 3, 7
Let z(r) = 6*r - 10. Let w be z(9). Suppose 44 + w = 4*t. List the prime factors of t.
2, 11
Suppose -4*r + 4*n = -3*r - 2, -3*n = -3. Let o = -3 + r. What are the prime factors of 1/o*(21 - 0)?
7
Suppose 3*v = -l - 7, l - 10 - 1 = 3*v. Let o(w) = -5*w - 3 + 1 + l*w**2 - 4 + 0*w**2. What are the prime factors of o(5)?
19
Suppose -3 + 2 = -x. What are the prime factors of 12/x - (-1 + 2)?
11
Let q = 76 - 44. Suppose 7*h = 3*h + q. List the prime factors of h.
2
Suppose -3*u + 9*u - 84 = 0. What are the prime factors of u?
2, 7
Let s = 8 + -4. Suppose 3*x = s*x - 2. Suppose 40 = 5*z + h, -x*z - h + 33 = -4*h. What are the prime factors of z?
3
Suppose 0 = 2*c - 6*c + 20. Suppose 0 = c*t - 4*j - 94, -j + 1 = t - 16. What are the prime factors of t?
2, 3
Sup